ded by 23?
15
Let t(b) = 2*b**2 + 22*b - 6. Suppose -7*a - 12 = -6*a. Suppose 21 = m - 10. What is the remainder when m is divided by t(a)?
13
Let u(c) = 87*c**2 - 1. Let q be u(1). Let d = -69 + q. Suppose 9*j = 389 + 979. Calculate the remainder when j is divided by d.
16
Let z(u) = 3*u**2 - 2*u + 2. Let y be (-498)/9*(0 + (-9)/6). Let t = -52 + y. Calculate the remainder when z(-4) is divided by t.
27
Let m = -369 + 550. Let k = 192 - m. Calculate the remainder when 139 is divided by k.
7
Suppose 689 = 5*y - 51. Let n = 266 - 251. What is the remainder when y is divided by n?
13
Suppose -3*m = g + 7, g + 4*m - 5*m = -11. Let b(n) = 2*n**3 + 22*n**2 + 15*n - 4. What is the remainder when 273 is divided by b(g)?
43
Let t be 13 - 14*((-6)/(-21) - 0). Suppose 3*p + 10 = 58. Suppose -p = -c + t. Calculate the remainder when 124 is divided by c.
24
Let w(k) = -k**2 - 10*k + 195. What is the remainder when 65 is divided by w(-19)?
17
Let f = 7431 + -7345. What is the remainder when f is divided by 27?
5
Suppose -o - 8 + 14 = 0. Suppose -3*s + t + 5 = 0, s + 5*t + o = -3. What is the remainder when 34 is divided by -5 - -15 - (s + -1)?
4
Let z = 264 + -259. Suppose -3*w + 103 = -z*c, 2*w + 3*w + 2*c - 182 = 0. Calculate the remainder when w is divided by 14.
8
Let r(v) = -5*v**2 - 20*v - 89. Let b be r(-8). Let f = -184 - b. Calculate the remainder when 388 is divided by f.
63
Calculate the remainder when 128100/644 - (7 + (-652)/92) is divided by 5.
4
Let p(s) = 16*s**2 - s - 4. Let x = -180 - -192. Calculate the remainder when p(2) is divided by x.
10
Suppose -5*q - 18746 = -13*q - 18*q. Calculate the remainder when q is divided by 702.
19
Let k be (2/12)/(14/924). Suppose 4*f - 2*f - 2*j = 8, j - k = -2*f. What is the remainder when 24 is divided by f?
4
Suppose 4*x + 3*w = 10 + 29, 3*x - 5*w = -7. Suppose 12*t - 283 = 197 + 84. Calculate the remainder when t is divided by x/(-9)*-1*36.
23
Let a(r) = r - 8. Let u be a(0). Suppose 14*n = -99*n - 2599. Let g = u - n. Calculate the remainder when 54 is divided by g.
9
Suppose 7*y = 11*y + 304. Let v = y + 75. Let a(s) = -16*s - 3. Calculate the remainder when 37 is divided by a(v).
11
Suppose 2*k - 13*f = -15*f + 34, -4*f + 40 = 2*k. Let z(x) = -4*x + 9. Let b be z(3). What is the remainder when 12/4 + (-531)/b is divided by k?
12
Let t(b) = 3*b**2 - b - 7. Let n(r) = -2*r. Let p(y) = -4*n(y) + t(y). What is the remainder when p(-8) is divided by 33?
30
Let f(x) = 2*x**2 + 3*x. Let m be f(-2). Suppose 3*q + 4*n = -m*q + 29, 3*n + 7 = 2*q. Calculate the remainder when 9 is divided by q.
4
Suppose s = -0*s + 5. What is the remainder when 644/(-12)*153/(-357) is divided by s?
3
Let b = -2537 + 4439. What is the remainder when b is divided by 8?
6
Suppose -g + 10191 = 4*b, 145*b - 2*g = 143*b + 5078. Calculate the remainder when b is divided by 73.
64
What is the remainder when (12/(72/1842) + -13)*2/6 is divided by 0/(-1) + 1 + 33?
30
Suppose -343 - 163 = -11*i. Suppose 6*b = i + 8. What is the remainder when b is divided by 2?
1
Let f = -35245 - -36364. Calculate the remainder when 3384 is divided by f.
27
Let i(m) = m**2 + m + 3. Let d be i(-2). Suppose -t = u - 120, -d*t = -7*t - 4. Calculate the remainder when u is divided by 33.
23
Let k(l) = l**3 + 6*l**2 + 20*l + 219. What is the remainder when 145 is divided by k(-7)?
25
Let y(z) = -11*z**2 - 6*z + 4. Let d be y(1). What is the remainder when 38 is divided by (5 - d)/((2/(-1))/(-1))?
2
Suppose -24*m = 17*m - 51*m + 1560. What is the remainder when 311 is divided by m?
155
Suppose -3*k + 5*s = -7 - 12, 2*k = -3*s. Suppose -12 = k*g - 24. What is the remainder when 76 is divided by (-26)/(-4)*24/(8 - g)?
37
Let r = 25 + -76. Let u = r - -65. Suppose 12 = 2*c + c. What is the remainder when u is divided by c?
2
Let y(r) = -r**2 + 6*r + 3. Let d be 2 + -1 - (-1 + -3). What is the remainder when y(d) is divided by ((-39)/143)/((-4)/44)?
2
Let d = -355 + 338. What is the remainder when 125 is divided by 19 + d + 9 + 10?
20
Suppose -100 = -2638*d + 2633*d. Calculate the remainder when 4298 is divided by d.
18
Let p = -6 + 23. Suppose 2*f + 8 = -2, 3*r + 2*f - 866 = 0. Let z = r - 211. What is the remainder when z is divided by p?
13
Let c(g) = -g**3 - 64*g**2 + 238*g + 139. Calculate the remainder when c(-68) is divided by 1223.
5
Let r = 670 - 668. Suppose -r*v + 8 = 0, y + v = 3*v + 89. What is the remainder when y is divided by 4?
1
Let o(i) = -12*i - 112. Suppose 0 = -4*m - b + 255, 5*m = 3*b - 102 + 425. What is the remainder when m is divided by o(-11)?
4
Let u = -1112 + 705. Let r = u - -499. What is the remainder when 363 is divided by r?
87
Suppose -3*c + 18 = 3*w, -c - 1 - 11 = -5*w. Suppose -c*k - 2*t - 287 = -812, -5*t = 5*k - 880. Let m = 2 - -14. What is the remainder when k is divided by m?
13
Let f(i) = i + 36. Calculate the remainder when (2 + 28/3)/(16/408) is divided by f(22).
57
Suppose 5*d - 3*o = o - 10, 0 = 3*d + 4*o + 6. What is the remainder when (-10)/d - (0 + -42) is divided by 4?
3
Let m(a) = 4*a + 14 - 3*a + 18. What is the remainder when 34 is divided by m(-14)?
16
Let j = -13643 - -14813. Calculate the remainder when j is divided by 47.
42
Suppose -4*g - 4*r + 324 = 0, -402 = -4*g - r - 66. Calculate the remainder when 3134 is divided by g.
74
Calculate the remainder when 1570 is divided by (-21)/3 + (543/1267 - 116/(-7)).
0
Suppose 0 = -8*g + 9*g + 1, 5*m - 11 = g. What is the remainder when 26 is divided by m?
0
Let y be (-670)/130 + 5 + (-6108)/13. Let g = -241 - y. What is the remainder when g is divided by 21?
19
Suppose 2*a = -u + 22 + 18, 0 = -5*u - 4*a + 182. Let y(d) = -9 + u - 15*d + 24 + d**2. Calculate the remainder when 61 is divided by y(12).
9
Suppose 60*p - 3*u + 240 = 64*p, 0 = 2*p - u - 110. What is the remainder when 352 is divided by p?
10
Calculate the remainder when 6452/12 + 20*6/(-72) is divided by 260.
16
Suppose -2*j + 4*d - 54 = 0, -64 = 4*j + 16*d - 13*d. Suppose 0 = 4*o - 3*o - 26. Let b = o + j. Calculate the remainder when 25 is divided by b.
4
Let t = -1637 - -1934. Calculate the remainder when t is divided by 18.
9
Let l(s) = 2*s**3 - 2*s**2 - 3*s - 15. Let j be l(5). Let p = j + -129. What is the remainder when 204 is divided by p?
40
Suppose 0 = 87*a + 22*a - 15478. Suppose 6*b = 4*b - 4*r - 104, 5*b + 260 = r. Let h = a + b. Calculate the remainder when h is divided by 31.
28
Calculate the remainder when (-815)/(-20) + 3/(-4) is divided by 21.
19
Calculate the remainder when (-1)/3*(1 - 108/(-3))*-45 is divided by 7.
2
Let k(j) be the first derivative of j**4/4 - 10*j**3/3 + 3*j**2/2 - 4*j - 5. Let r = 138 + -128. Calculate the remainder when 73 is divided by k(r).
21
Suppose -6 = -t - 3, 2*t = -3*z + 21. What is the remainder when (-4)/(-5)*(-1380)/184 - -28 is divided by z?
2
Suppose 12*i - 3*i - 2862 = 0. Let s = i - 154. Calculate the remainder when s is divided by 17.
11
Let c(b) = -106*b + 56. Let o be c(-4). Suppose 2418 = 14*v - o. What is the remainder when v is divided by 16?
15
Let b = 678 - 467. What is the remainder when b is divided by 37?
26
Let w(p) = -p**3 + 32*p**2 + 30*p + 132. Let l be w(33). Suppose 16*h - l - 287 = 0. What is the remainder when 39 is divided by h?
19
Let z(v) = 65*v + 1. Suppose 9*j - 35*j + 30*j - 28 = 0. Calculate the remainder when z(1) is divided by j.
3
What is the remainder when 3/((-63)/14) - 1409/(-3) is divided by (-146)/(-219) + 139/(-3)*-1?
46
Let s = 40 - -25. Let a = s - 56. Let v = -3 - -8. What is the remainder when a is divided by v?
4
Suppose 98 = -16*h + 290. What is the remainder when 1748 is divided by h?
8
Let b = 26 - 24. Suppose -4*v + 5 - 2 = c, -3*v + 16 = b*c. Calculate the remainder when 74 is divided by c.
8
Suppose 3*r + 10*z = 740, 228*r - 230*r + 2*z + 554 = 0. Calculate the remainder when 2693 is divided by r.
263
Calculate the remainder when 1*-7 + 24/20*22330/44 is divided by 65.
17
Suppose -5*i = 0, u - 4*i - 49 = 2*u. Let h = 54 + u. Suppose q + 2*q = -h*o + 49, 6 = 2*q. Calculate the remainder when 29 is divided by o.
5
Suppose -3*r - 2*n = -527, -4*n = -5*n + 1. Calculate the remainder when r is divided by 61.
53
Suppose 3*j + 6 = 138. Let x be (-4)/((-3)/(-6) + -1) - 4. Suppose -x*u - 491 + 1191 = 0. Wh